. Let a = 106 - j. What are the prime factors of a?
7, 13
Suppose 4 + 74 = 13*y. Suppose -3*s + 4*s - 4*r + 6 = 0, -12 = -3*s - 3*r. Suppose g = -y*n + s*n + 587, -2*n = 5*g - 307. What are the prime factors of n?
2, 73
Suppose 9 = 3*t + f - 5, 2 = -2*f. Suppose 2*o = -3*q, -2*o + t*o - 4*q = 17. List the prime factors of (1/o)/(18/2214).
41
Let f(r) = 2*r + 32. Let v be f(-15). Suppose -5*q - 3*i = -94, 4*q + 6 = -v*i + 82. List the prime factors of q.
2, 5
Suppose 4*j + 6*x = 4*x - 3482, 4*j - x + 3467 = 0. Let y = j + 1360. List the prime factors of y.
2, 3, 41
List the prime factors of 66/(-9)*(-10)/(40/5862).
11, 977
List the prime factors of 1403/(-92) - -15 - (-54658)/8.
2, 7, 61
Let y be 1111 - -15*(-1 - 10/(-15)). Suppose 2*j + 2*h = y, -2*h - 4329 + 1571 = -5*j. List the prime factors of j.
2, 3, 23
Suppose -5*g - 10 = 0, -3*m - 2 = -m + 4*g. Suppose -1 = -i + m. List the prime factors of (-568)/i*2/(-4).
71
Suppose 29*l - 3882 = 4180. List the prime factors of l.
2, 139
Suppose -3*t = 5*y - 47850, 4*y - 2*t = 14502 + 23778. Suppose 0 = 11*r + 22*r - y. List the prime factors of r.
2, 5, 29
Let j(k) = -5*k + 3. Let o be j(4). Let n(u) = -u**2 + 9*u - 1. Let p be n(7). Let z = p - o. What are the prime factors of z?
2, 3, 5
Suppose -6*i + 5*i = -u - 27, 0 = 5*i + 4*u - 108. Suppose 5*b - 177 = -2*p, -p = -5*b - 57 - i. What are the prime factors of p?
2, 43
Let x(c) = 30*c**2 + 13*c + 93. Let m be x(-11). Suppose 0 = 3*a - 4*y - 3249, 3*a - m = -y - 316. What are the prime factors of a?
1087
Let k(d) = 3372*d**2 - 7*d + 14. List the prime factors of k(2).
2, 3, 281
Suppose 0 = -t - 109 + 353. Let j = t - -751. List the prime factors of j.
5, 199
Suppose 3*o - 712 = 5*y - 10*y, 3*y = -o + 424. Let b = y - -65. What are the prime factors of b?
5, 41
Let u(j) = j**3 + 33*j**2 + 14*j - 32. Let m be u(-33). Let h = 454 - m. What are the prime factors of h?
2, 3, 79
Suppose f = 9 - 109. List the prime factors of (80/f)/((-4)/30).
2, 3
Let x(p) = -154 - 22*p - 28*p + 140. Let m be x(-5). Suppose 0 = -q - 3*o + m, q + 5*o - 84 = 156. List the prime factors of q.
2, 5, 23
Let l(t) = 6*t + 20*t**2 + 14 - 8*t**2 - 3*t**2. Let j be l(-4). Suppose 5*a - o - j = 2*a, -a = -2*o - 48. List the prime factors of a.
2, 11
Suppose h + 3*a - 29721 = 0, h = 127*a - 124*a + 29679. List the prime factors of h.
2, 3, 5, 11
Suppose 8*x = 6*x - 50. Let z(k) = 3*k**2 + 65*k + 22. What are the prime factors of z(x)?
2, 17
Let t(x) = x**3 - 4*x**2 - 546*x - 49. List the prime factors of t(29).
2, 3, 857
Suppose 290036 = 159*u + 61112 - 244896. List the prime factors of u.
2, 5, 149
Let v = 4478 - -1537. List the prime factors of v.
3, 5, 401
Let k(n) = -5*n**3 + 4*n**2 - 4*n + 8. Let g be k(2). Let y(j) = -j**2 - 41*j - 75. List the prime factors of y(g).
3, 37
Let j = -409 - -448. Let p(r) = r**3 - 38*r**2 - 20*r - 87. What are the prime factors of p(j)?
2, 3, 109
Suppose 35247 = j - 5*q, -63*j + 58*j + 176212 = -2*q. List the prime factors of j.
2, 67, 263
List the prime factors of ((-18)/(-27))/(3/371871).
2, 3, 4591
Suppose 4*t + 8*f - 6*f + 60 = 0, -5*f = 4*t + 66. Let s(r) = -26*r + 307. List the prime factors of s(t).
11, 61
Let j(f) = 3*f**3 - 7*f**2 - 10*f. Let x be j(6). Suppose -x = -2*v - 106. List the prime factors of v.
5, 23
Let h be 17/(-5) + 22/55 + 8. Suppose 18 = h*p + p. List the prime factors of (4 + 2)*(1 - (-55)/p).
2, 29
Let f = 574 - 232. Let u = 1150 - f. List the prime factors of u.
2, 101
Let a = 44067 - 32978. List the prime factors of a.
13, 853
Let s(i) = -28*i. Let a be s(-1). Suppose 266 = -21*z + a*z. List the prime factors of z.
2, 19
Let b = 26503 + -15637. List the prime factors of b.
2, 3, 1811
What are the prime factors of 372400/210 - (20/6 + -2)?
2, 443
Let j = 660 - 84. Let t = j + -375. List the prime factors of t.
3, 67
Let t(s) = -6 + 12*s - 13 - 6 + 121*s**2. Let w be t(5). Suppose -w = 10*a - 22*a. What are the prime factors of a?
3, 5, 17
Suppose 99 = -5*q + 1224. List the prime factors of (49230/q)/((-4)/(-10)).
547
Let r(p) = 19*p - 27. Let c = -63 - -74. Let s(n) = -58*n + 80. Let x(u) = c*r(u) + 4*s(u). List the prime factors of x(-9).
2, 5, 23
Let j(v) = 278*v**3 + 32*v - 88. What are the prime factors of j(3)?
2, 13, 17
Suppose 0 = 5*d - 3*d. Suppose -3*k + 7*k - 12 = d. Suppose -150 = k*t - 8*t. What are the prime factors of t?
2, 3, 5
Let l(s) = 4*s**2 - 55*s + 25*s - 15 + 22*s. What are the prime factors of l(-8)?
5, 61
Suppose -3*w + z + 18732 = 0, -w + 8*z = 5*z - 6228. What are the prime factors of w?
2, 3, 347
Let j = -379 + 3102. What are the prime factors of j?
7, 389
Suppose -f - 7 = -9. Suppose f*h + h = -18. Let r(d) = -d**3 - 4*d**2 - 5*d + 8. What are the prime factors of r(h)?
2, 5, 11
Suppose -4*b = -3*s - 283 - 774, -3*b + 789 = -3*s. List the prime factors of b/(-6)*(3 + -6).
2, 67
Let q(s) be the first derivative of 9/2*s**2 + 36*s + 5. What are the prime factors of q(5)?
3
Suppose -3*w - 47*g + 6423 = -50*g, -6415 = -3*w - g. What are the prime factors of w?
3, 23, 31
Let h = -523 - -505. List the prime factors of ((-9)/6)/(-1)*(-11064)/h.
2, 461
Suppose 2*i = -b + 117, -3*b - i + 0*i = -331. Let w = 215 + b. What are the prime factors of w?
2, 3
Suppose 134605 + 135503 = 18*i. List the prime factors of i.
2, 3, 41, 61
Let s be 9 + (-690)/40 + 2/8. List the prime factors of ((-376)/20)/(s/120).
2, 3, 47
Suppose -4*u + 29*u - 40075 = 0. Suppose -4*m + 5*t + u = 0, -4*m = -t + 178 - 1769. List the prime factors of m.
397
Let c = -19518 - -62010. List the prime factors of c.
2, 3, 3541
Let f be 3/9 + (-747)/(-27) + 3. Suppose -21839 = -f*s + 22739. List the prime factors of s.
2, 719
Suppose 5*k = g - 710 - 800, 10 = -2*g. Let h = 69 - k. List the prime factors of h.
2, 3, 31
Let k(h) = -39*h - 25. Let v be k(-5). Suppose 0 = -3*r + 5*j + 1673, r - j = v + 389. What are the prime factors of r?
3, 11, 17
Let t(u) = -36*u + 29. Let w(b) = 53*b - 43. Let h(x) = -7*t(x) - 5*w(x). Suppose 11 = -2*o + 3*y - 0*y, -9 = 3*y. List the prime factors of h(o).
2, 71
What are the prime factors of (-32)/(-40)*(63330/(-4))/(-3)?
2, 2111
Let j(b) = 179*b + 12241. What are the prime factors of j(0)?
12241
Let r = 7372 - -8675. What are the prime factors of r?
3, 1783
Suppose 0 = -2*v + 4*o + 45566, 125*v + o = 129*v - 91111. What are the prime factors of v?
22777
Suppose 183955 = 37*q + 172080 - 346285. List the prime factors of q.
2, 5, 11
Let b = -2970 + 8389. List the prime factors of b.
5419
Let a(j) = j**3 - 82*j**2 + 233*j + 301. List the prime factors of a(82).
3, 6469
Let z be (-2)/4*13/(26/(-192)). Let n = -53 + z. What are the prime factors of (-36)/(-10) + (-2)/n?
2
Suppose 2*k - 4384 - 7730 = 4716. What are the prime factors of k?
3, 5, 11, 17
Let n(o) = -3*o - 14. Let x be n(-6). Suppose 5*y = 7*y - x. Let j(c) = 44*c - 2. List the prime factors of j(y).
2, 43
Let p(b) = b**3 + 11*b**2 + 11*b + 13. Let i be p(-10). Suppose z - 2*z + i = 0. Suppose z*f - 80 = 247. List the prime factors of f.
109
Let j(b) = -b**3 + 23*b**2 - 20*b - 11. Let q be j(22). Suppose 10 = 2*y - 16. Let z = q - y. List the prime factors of z.
2, 5
Suppose 18*l - 39 = -3. What are the prime factors of 2092*(l/(-56) + (-2)/(-7))?
523
Let u(x) = -2*x. Let a(t) = 2*t - 15. Let l(i) = 2*a(i) + 6*u(i). Suppose 5*b + 68 = p, 2*p = -5*b - 3*p - 80. What are the prime factors of l(b)?
2, 41
Suppose 55*w - 126*w = -49*w - 20768. What are the prime factors of w?
2, 59
Let c(f) = -51*f + 189. Let l be c(-23). Let j = 2382 - l. List the prime factors of j.
2, 3, 5, 17
Suppose 1218 = -0*s + s. Suppose -6*j = -12*j + s. Suppose 3*g = m - 3*m + 371, 2*g + j = m. List the prime factors of m.
193
Let l be 22/((-22)/(-15)) + 2/1. Suppose -4*i = -8, -18*i + 6477 = 5*c - l*i. What are the prime factors of c?
5, 7, 37
Suppose -36*z - 10596 = -f - 41*z, -3*f + 31748 = 5*z. What are the prime factors of f?
2, 661
Let g(a) = a**3 - 19*a**2 - 19*a - 16. Let k = -105 + 125. Let c be g(k). List the prime factors of ((-438)/(-8) - 5)*c.
199
Let b(w) = 5*w + 3*w - 9*w + 4*w. Let u be (-52)/(-10) - (-1)/(-5). What are the prime factors of b(u)?
3, 5
Let u(p) = 53 - 6*p + 2*p**2 - 3*p**2 + 7*p + 12*p. Let c be u(16). Suppose c*f - f - 940 = 0. List the